tive of -w**2/2 - 10*w - 24. Let i(t) = -5*g(t) + 4*h(t). Calculate i(-6).
-1
Suppose u + o + 6 = 0, -41*u + 37*u + 4*o = 24. Let y(s) = 6*s + 37. Give y(u).
1
Suppose -3*h + 5*m = 18, 819*m = 3*h + 816*m + 12. Let d(v) = -5*v**2 + 3*v - 1. Determine d(h).
-9
Let a = 4 - 4. Let f(d) be the third derivative of -d**4/24 - d**3/3 + 516*d**2. Give f(a).
-2
Let s(d) = d**2 - 4*d + 4. Let b(j) = -j**3 - 10*j**2 + 2*j + 21. Let c be b(-10). Suppose 4*k - 7 - 5 = 0. Suppose -8 = -k*n + c. Determine s(n).
1
Let a(u) be the second derivative of 8*u**3/3 + 73*u**2/2 + 4752*u. What is a(-5)?
-7
Let n(u) be the second derivative of 2*u**5/15 + u**4/24 - 14*u**3/3 - 91*u. Let h(f) be the second derivative of n(f). What is h(1)?
17
Suppose 5*u + 5*i = 2*u + 27, 2*u - 5 = i. Suppose 2*w - u*m = 8, -5*m + 3 = 5*w + 13. Let l(b) = b**2 - b + 36. Determine l(w).
36
Let v(u) be the first derivative of 2*u**3/3 + 9*u**2 + 23*u + 161. Give v(-7).
-5
Let t be (-2 + 2)*(0 - 1). Let q(x) = -5*x - 35. Let j(w) be the second derivative of w**3/3 + 6*w**2 - 26*w. Let b(d) = 8*j(d) + 3*q(d). Determine b(t).
-9
Let u(a) = 3*a**2 - 2*a - 2. Suppose 406 = -11*w - 232. Let p = w - -56. Give u(p).
14
Let u(o) = o**3 - 30*o**2 + 54*o + 52. Suppose 3461 - 4413 = -34*t. Calculate u(t).
-4
Let c(g) = -g**3 + 4*g**2 + 4*g + 7. Let w be c(5). Let j(t) be the second derivative of 1/12*t**4 + 0 + 1/20*t**5 - 13*t + 1/2*t**3 - 3/2*t**2. Determine j(w).
15
Let b(m) = -16*m**2 + 3*m. Let y be (-159)/636 + 6/(-8). Calculate b(y).
-19
Let b(q) = -q**3 - 5*q**2 - q + 5. Let n be (-8 - -5) + 10/1. Let i(u) = u**2 - n*u - 9 - 7 + 11. Let w be i(7). Determine b(w).
10
Let r(m) = m**3 - 8*m**2 + 5*m - 24. Let u be r(8). Let x(d) = 0*d - 3*d - 24 + 2*d + u. Determine x(-4).
-4
Let r(k) = 3*k**2 + 7*k + 11. Let o(y) = -174*y - 1397. Let v be o(-8). Calculate r(v).
51
Let f(l) = -l**2 + 5*l. Let b = 74 + -50. Let y = -5 + b. Suppose 7*k - 9 - y = 0. What is f(k)?
4
Let k(g) be the first derivative of g**3/3 - 7*g**2/2 - g + 28. Let r be (-520)/(-72) + 10/(-45). Calculate k(r).
-1
Let y(c) = -66*c - 100. Let b(f) = 51*f + 75. Let v(r) = -9*b(r) - 7*y(r). What is v(-5)?
10
Let f(q) = -11*q - 1. Let z be 1/2 + (-105)/(-6). Let d = z + -15. Let g = d + -4. Give f(g).
10
Let v(h) = 31*h + 3. Let g(l) = -26*l - 4. Let q(z) = -6*g(z) - 7*v(z). Determine q(1).
-58
Suppose 13*j - 25463 = -25489. Let x(t) = t**3 + 3*t**2 + 6*t + 2. Determine x(j).
-6
Let r = 8 + -2. Let g(u) = -u**3 - 4*u**2 - 6*u - 4. Let l be g(-2). Let s(z) = 0*z - 5*z + 0*z + z**2 - 2 - 1 + l*z**2. What is s(r)?
3
Let y(x) = x**3 - 4*x**2 + 4*x - 6. Suppose -138 = -p + 5*k - 115, 4*p = -5*k - 8. Calculate y(p).
-3
Let q be (3/4)/(14 - (-767)/(-52)). Let a(w) = 2*w**3 + 1 + 0 - 11*w**3. Calculate a(q).
10
Let q = 289 + -276. Let o(x) = 36 - q*x + 28 - 104 + 38. Suppose v - 4 = -6. What is o(v)?
24
Let s(o) be the first derivative of -4*o**2 + 17*o - 8647. Calculate s(-2).
33
Let x(a) = -2*a - 4. Suppose 0 = 2*w - 1575 + 1559. Let o(z) = -z**3 + 6*z**2 + 16*z + 2. Let p be o(w). Give x(p).
-8
Let a(d) = d**3 - d + 2. Let b(y) = -5*y**2 - 9*y + 1. Let v be b(-2). Let u(j) = -2*j**3 - 3*j**2 + 2*j - 7. Let r(f) = v*a(f) - u(f). Give r(-4).
-7
Let a(n) be the third derivative of n**6/60 - n**5/30 + n**4/24 + n**3/6 + 92*n**2. Let t(v) = 11*v**3 - 7*v**2 - v + 12. Let x(b) = -5*a(b) + t(b). Give x(-5).
-13
Let m(x) = 43. Let u(b) = 15. Let f(w) = 6*m(w) - 17*u(w). Let o(i) = i. Let p(y) = -f(y) + 3*o(y). What is p(3)?
6
Let d(x) = x**2 + 5*x - 15. Let n = -1515 + 1521. Give d(n).
51
Let a(r) = 0*r + 2*r + 8 - 794*r**2 - 7 + 402*r**2 + 393*r**2. What is a(-4)?
9
Let t be (1 - 11)*2/(-4). Let k = 1757 + -1748. Let x(r) = t*r + 7*r - k*r + 0 - 2. Determine x(4).
10
Let g(s) = 8*s**2 - 3*s - 3. Suppose -4*j + 10*w = 14*w, j = 4*w + 25. Suppose 1 - 2 = 3*o + j*h, -2*o = 4*h. What is g(o)?
35
Let x(o) = -217 - 226 - 4*o + 5*o - 236 + 695. What is x(-26)?
-10
Suppose 3*m - 32 = 31. Suppose -5*j - z + 4 = -3*z, 5*z - m = -3*j. Let q(g) = 50 + g**2 - 58 - j*g + 9*g. Determine q(-9).
10
Let s(h) = -1 + 36 + 15 + 6 - 5*h - 10. What is s(10)?
-4
Let p = -112 + 112. Let d(v) = v**2 + 4. Let b be d(p). Let z(i) = -i - 4. What is z(b)?
-8
Let d(b) be the second derivative of b**3/2 + 17*b**2 + 1610*b. Give d(-9).
7
Let x(m) = m**3 - 36*m**2 - 35*m - 65. Suppose -32*k = -27*k - 20, 0 = n + 4*k - 53. What is x(n)?
9
Let f(o) = -7 - 2*o - o + 1 - o**2. Let z(h) = h**3 + 5*h**2 + h - 8. Let v be z(-4). Suppose -v*d = -2*b - 22, 4*b + 2*d + 2*d = -8. Calculate f(b).
-16
Let s(u) = -3*u**2 - 51*u + 4. Let l(p) = 3*p**2 + 39*p - 5. Let w(v) = 4*l(v) + 3*s(v). What is w(4)?
52
Let p(n) = -5*n**2 + 8 + 57*n + 42*n - 66*n. What is p(7)?
-6
Let i(b) be the first derivative of -b**6/120 - b**5/6 - 11*b**4/24 - b**3 + 13*b**2 + 3*b - 109. Let j(g) be the second derivative of i(g). Determine j(-9).
12
Let f(v) = 17*v**3 + v. Let x = -146 + 161. Suppose -2*j + x*j - 13 = 0. Determine f(j).
18
Let n be 2 + -19 + 0 + 21. Let g(p) = -p**3 + p - 4. What is g(n)?
-64
Let p(n) = -8*n + 95. Let s(u) = 20*u - 95. Let m(j) = -3*p(j) - 2*s(j). Give m(-6).
1
Let h(m) = 5206*m**2 + 11*m - 5204*m**2 + 1 - 10*m - m**3. Suppose 6*j - 6 = 3*j - 4*y, 4*y = 0. Suppose j*z - 16 = -3*v, v + 4*z - 5*z = -3. Calculate h(v).
3
Let y(j) = -8*j + 41. Let m(c) = 16*c - 86. Let g(u) = -6*m(u) - 13*y(u). Give g(14).
95
Let b(q) = -q**2 - 1. Let i(g) = g**3 - 10*g**2 - 2*g - 10. Let c(a) = 5*b(a) - i(a). Let h be 9/90*56 - (-6)/15. What is c(h)?
-19
Let c(f) = 258 + 31*f**2 - 118 - 81 - f**3 + 225*f - 166. What is c(37)?
4
Let f(w) = -48*w**2 + 30*w + 16. Let r(k) = -33*k**2 + 29*k + 14. Let i(s) = 2*f(s) - 3*r(s). What is i(9)?
-10
Let i = -1200 + 1197. Let u(o) = -1. Let y(k) = k + 2. Let z(q) = -u(q) - y(q). Let x be z(i). Let l(t) = -2*t**2 + 3*t - 1. Give l(x).
-3
Let t be (-665)/168 - -6*(-4)/(-6). Let p(y) be the third derivative of -11*y**2 - 2/3*y**3 + 0 + t*y**4 + 0*y. Determine p(3).
-1
Let p(k) = -k**2 + 4*k - 127 + 120 - 11*k. Let c(y) = 7*y + 2. Let s be c(2). Suppose s*l - 17*l = 5. Give p(l).
3
Let x(r) be the third derivative of r**4/12 - 2*r**3/3 - r**2. Suppose -3*m = 5*k + m + 39, 4*k = 2*m - 52. Let q(t) = -t - 7. Let i be q(k). What is x(i)?
4
Let d(b) = b**2 + 3*b - 2. Let s be (-1 - 1144/(-56)) + 3/(-7). Suppose -q = 2, s = 22*r - 19*r - 5*q. Give d(r).
16
Let n(q) be the third derivative of 3*q**2 + 0 + 1/6*q**4 + 0*q - 2*q**3. Calculate n(5).
8
Let g(u) = u**2 + 6*u - 4. Let f = -78 - -78. Let z be f + -5 - 42/42. Determine g(z).
-4
Let z = 51 + -51. Suppose -2*d - 2*n + 26 = -z*d, -2*d + 10 = -2*n. Let f be 7 - d - (2 - 6). Let r(w) = w**3 - 4*w**2 + w. What is r(f)?
-6
Let r(t) = -t**2 - 7*t - 2. Let l be ((-84)/(-30))/(-7)*20 + 1. What is r(l)?
-2
Let w(i) = i**3 - 9*i**2 + 18*i + 10. Let k be (-88)/(143/(-13)) + 0 + -2. Calculate w(k).
10
Let m(q) be the third derivative of q**6/120 + q**5/15 + q**4/6 - 4*q**2. Let r be m(-3). Let t(d) = -d**2 + 34*d + 50*d + 28*d - 115*d. Calculate t(r).
0
Let t(f) be the second derivative of f**5/20 - 7*f**4/12 - 7*f**3/6 + 5*f**2 - 23*f - 2. Suppose -2*l - 72 = -11*l. What is t(l)?
18
Let o(h) = 172 - 457*h**2 + 458*h**2 - 52 - 22*h. What is o(13)?
3
Suppose d - 5*q + 18 = 0, 3*q - 8 + 2 = -d. Let p(m) be the first derivative of -m**3 - 1/4*m**4 + 0*m**2 - 5 + m. What is p(d)?
1
Let c(q) = -q**3 + 23*q**2 - 74*q - 47. Let n = 980 - 961. Calculate c(n).
-9
Let d = 11471 + -11479. Let p(l) = -10*l - 86. Calculate p(d).
-6
Let f(w) = -w**2 - 6*w - 5. Let b be (-3)/((-8)/(-4) + -5 - -4). Let v be 4 - b*(-3)/3. Suppose c - 5*z = -v, -2 - 1 = 3*z. Determine f(c).
-5
Let t = 80 + -83. Let r be 3 + -1 + (-4 - t) - -1. Suppose -r*q + 0 = -10. Let b(y) = -y + 3. Determine b(q).
-2
Let r(y) = -y**3 + 2*y**2 + 3*y - 3. Suppose 3*s = 87 + 60. Suppose 23 + s = -8*z. Let d = z - -12. Determine r(d).
-3
Let q(n) = n**2 - 9*n + 5. Let l be ((-12)/(-1))/(4/(-6)). Let o(b) = b**2 + b + 26. Let f be o(0). Let w = f + l. Determine q(w).
-3
Let j be (-564)/(-84) + -7 - -57*7/(-147). Let b(o) = o**3 + 4*o**2 + 3*o - 9. Give b(j).
-9
Suppose 16*t - 136 = -t. Let q(m) be the second derivative of 3*m + 9/2*m**2 - 1/3*m**3 + 0. Determine q(t).
-7
Let v = -